rue
Is 185359 prime?
True
Is 90983 prime?
False
Is 64205 prime?
False
Is 37459 prime?
False
Is 24257 composite?
True
Is 258959 a composite number?
False
Is 14843 composite?
False
Is 129707 prime?
True
Is 23 prime?
True
Is 34363 prime?
False
Is 16343 composite?
True
Is 25729 prime?
False
Is 502591 composite?
False
Is 40507 composite?
False
Is 190163 a prime number?
False
Is 6521 a composite number?
False
Is 329347 composite?
False
Is 150235 prime?
False
Is 2277277 a prime number?
False
Is 28007 a prime number?
False
Is 33531 prime?
False
Is 243671 composite?
False
Is 18701 prime?
True
Is 133481 composite?
False
Is 12149 composite?
False
Is 1213 composite?
False
Is 31933 a prime number?
False
Is 42953 prime?
True
Is 1361 composite?
False
Is 770555 a composite number?
True
Is 39823 a prime number?
False
Is 24613 a composite number?
True
Is 379 a composite number?
False
Is 16145 a prime number?
False
Is 3019 a composite number?
False
Is 1010069 prime?
True
Is 72869 a composite number?
False
Is 323447 a composite number?
True
Is 1039 composite?
False
Is 11269 a prime number?
False
Is 7081 composite?
True
Is 3985 a prime number?
False
Is 7405 composite?
True
Is 42931 prime?
False
Is 15901 composite?
False
Is 15101 prime?
True
Is 1502 a composite number?
True
Is 320377 a prime number?
True
Is 104201 prime?
False
Is 616657 prime?
False
Is 125735 composite?
True
Is 85379 a composite number?
True
Is 962971 a prime number?
True
Is 106043 composite?
True
Is 1759409 a composite number?
True
Is 30577 composite?
False
Is 1223 composite?
False
Is 869617 a prime number?
False
Is 562081 a composite number?
True
Is 40727 prime?
False
Is 2147 prime?
False
Is 265231 a prime number?
True
Is 5509 prime?
False
Is 799939 composite?
True
Is 125833 a prime number?
False
Is 18554 prime?
False
Is 30691 a composite number?
True
Is 41367 a composite number?
True
Is 53513 composite?
True
Is 139767 a prime number?
False
Is 235453 a composite number?
True
Is 56087 prime?
True
Is 30089 a composite number?
False
Is 1790479 a prime number?
True
Is 2159 prime?
False
Is 7607 composite?
False
Is 21871 a prime number?
True
Is 317017 a prime number?
False
Is 66883 prime?
True
Is 2062 composite?
True
Is 264409 a prime number?
False
Is 22207 a prime number?
False
Is 1003 composite?
True
Is 337 a prime number?
True
Is 1709 a composite number?
False
Is 3898 prime?
False
Is 753 a composite number?
True
Is 405599 prime?
True
Is 96469 prime?
True
Is 6421 prime?
True
Is 384139 a composite number?
True
Is 14591 a prime number?
True
Is 732379 prime?
False
Is 5893 a composite number?
True
Is 22141 composite?
True
Is 885187 composite?
False
Is 983 a composite number?
False
Is 98317 a composite number?
False
Is 312023 composite?
False
Is 12767 a prime number?
False
Is 2095751 prime?
False
Is 600442 a prime number?
False
Is 382341 a prime number?
False
Is 6283919 a prime number?
True
Is 711457 prime?
False
Is 15761 prime?
True
Is 152563 a prime number?
True
Is 100885 a composite number?
True
Is 16078 a prime number?
False
Is 1261 prime?
False
Is 1669 a prime number?
True
Is 7283 composite?
False
Is 290243 a prime number?
True
Is 91 prime?
False
Is 306899 a composite number?
False
Is 222031 a prime number?
False
Is 3089 a prime number?
True
Is 986105 a prime number?
False
Is 91627 prime?
False
Is 20477 a prime number?
True
Is 6779 prime?
True
Is 114493 a composite number?
False
Is 3654758 composite?
True
Is 6599 composite?
False
Is 36178 a composite number?
True
Is 367033 prime?
True
Is 62977 a prime number?
False
Is 40927 prime?
True
Is 4391 prime?
True
Is 56483 a prime number?
False
Is 587563 a composite number?
False
Is 164357 composite?
False
Is 1523 a composite number?
False
Is 18169 a prime number?
True
Is 566617 a composite number?
False
Is 11113 a composite number?
False
Is 21401 composite?
False
Is 380819 composite?
False
Is 17002 prime?
False
Is 2053 prime?
True
Is 1994437 a composite number?
False
Is 161407 composite?
False
Is 6739 a prime number?
False
Is 262027 a prime number?
True
Is 27611 a composite number?
False
Is 380469 a prime number?
False
Is 9431 prime?
True
Is 1331663 a prime number?
True
Is 107827 a composite number?
False
Is 1886657 a composite number?
False
Is 384817 prime?
True
Is 4907 a prime number?
False
Is 1483985 a composite number?
True
Is 6613 prime?
False
Is 33461 composite?
False
Is 35753 composite?
False
Is 82127 a composite number?
True
Is 53 composite?
False
Is 18853 prime?
False
Is 2930255 composite?
True
Is 72859 a composite number?
False
Is 45389 composite?
False
Is 22769 composite?
False
Is 533857 a prime number?
True
Is 419351 a composite number?
False
Is 44683 a composite number?
False
Is 86861 composite?
False
Is 42281 composite?
False
Is 156383 a composite number?
True
Is 317197 prime?
True
Is 98493 composite?
True
Is 133306 composite?
True
Is 22657 prime?
False
Is 1574917 a composite number?
False
Is 3491 composite?
False
Is 499461 a prime number?
False
Is 11963 a composite number?
True
Is 2276167 prime?
True
Is 56157 prime?
False
Is 1122367 composite?
False
Is 11255 prime?
False
Is 4673 a prime number?
True
Is 194569 a composite number?
False
Is 6535 a prime number?
False
Is 72613 a prime number?
True
Is 471521 composite?
False
Is 4267 a composite number?
True
Is 919 composite?
False
Is 1745137 prime?
True
Is 180589 prime?
False
Is 11279 composite?
False
Is 308443 a composite number?
True
Is 90879 a prime number?
False
Is 14417 a composite number?
True
Is 271783 a prime number?
False
Is 479 a composite number?
False
Is 58271 prime?
True
Is 5062 prime?
False
Is 40387 prime?
True
Is 3997 a composite number?
True
Is 14987 prime?
False
Is 52474 a composite number?
True
Is 141157 composite?
False
Is 8146 composite?
True
Is 49001 a composite number?
True
Is 7539965 prime?
False
Is 17647 composite?
True
Is 419 a composite number?
False
Is 414199 a composite number?
False
Is 12367 prime?
False
Is 56299 composite?
False
Is 1235597 composite?
True
Is 98167 a composite number?
True
Is 238141 a prime number?
True
Is 100447 a prime number?
True
Is 70169 a prime number?
False
Is 94499 a composite number?
True
Is 38557 a prime number?
True
Is 440939 a composite number?
False
Is 2785 a prime number?
False
Is 105933 composite?
True
Is 1018013 a composite number?
True
Is 146917 a prime number?
True
Is 2053 composite?
False
Is 27535 prime?
False
Is 54611 composite?
True
Is 177739 a composite number?
False
Is 1319 composite?
False
Is 81899 composite?
False
Is 196453 a composite number?
False
Is 34823 composite?
True
Is 2723 prime?
False
Is 1551731 composite?
False
Is 1003307 a prime number?
True
Is 62459 a composite number?
False
Is 38242 composite?
True
Is 10037 composite?
False
Is 36973 composite?
False
Is 36833 prime?
True
Is 4391 composite?
False
Is 97709 a prime number?
False
Is 268067 composite?
True
Is 23678 composite?
True
Is 62285 a prime number?
False
Is 9587 prime?
True
Is 46558 a composite number?
True
Is 172138 composite?
True
Is 4853 prime?
False
Is 58285 prime?
False
Is 56831 prime?
False
Is 317 a composite number?
False
Is 111161 a prime number?
False
Is 38953 a composite number?
False
Is 3994619 prime?
True
Is 18301 prime?
True
Is 18331 prime?
False
Is 289043 a prime number?
False
Is 106531 composite?
False
Is 96061 composite?
True
Is 218593 a composite number?
True
Is 12391 a prime number?
True
Is 90863 a composite number?
False
Is 2879 a composite number?
False
Is 16413 a composite number?
True
Is 10070767 a prime number?
False
Is 13529 composite?
True
Is 24199 a composite number?
True
Is 51929 prime?
True
Is 317821 a composite number?
True
Is 107563 composite?
False
Is 172526 composite?
True
Is 196139 a prime number?
True
Is 150665 prime?
False
Is 4141 prime?
False
Is 5381 composite?
False
Is 11857 a prime number?
False
Is 3863 a prime number?
True
Is 1561 a composite number?
True
Is 765613 composite?
False
Is 106705 composite?
True
Is 142319 composite?
False
Is 222571 a composite number?
True
Is 6437 composite?
True
Is 82387 a prime number?
True
Is 65761 a composite number?
False
Is 1321169 prime?
True
Is 2369 a composite number?
True
Is 349549 a composite number?
True
Is 1603 a composite number?
True
Is 36107 a prime number?
True
Is 31303 compo